{"id":5097,"date":"2023-12-18T16:50:35","date_gmt":"2023-12-18T15:50:35","guid":{"rendered":"https:\/\/jadvoyages.fr\/?page_id=5097"},"modified":"2023-12-19T12:45:55","modified_gmt":"2023-12-19T11:45:55","slug":"5097-2","status":"publish","type":"page","link":"https:\/\/jadvoyages.fr\/index.php\/5097-2\/","title":{"rendered":"POLITIQUE DE CONFIDENTIALITE"},"content":{"rendered":"<p>[et_pb_section fb_built=&#8221;1&#8243; theme_builder_area=&#8221;post_content&#8221; _builder_version=&#8221;4.23.1&#8243; _module_preset=&#8221;default&#8221;][et_pb_row _builder_version=&#8221;4.23.1&#8243; _module_preset=&#8221;default&#8221; theme_builder_area=&#8221;post_content&#8221;][et_pb_column _builder_version=&#8221;4.23.1&#8243; _module_preset=&#8221;default&#8221; type=&#8221;4_4&#8243; theme_builder_area=&#8221;post_content&#8221;][et_pb_text _builder_version=&#8221;4.23.1&#8243; _module_preset=&#8221;default&#8221; theme_builder_area=&#8221;post_content&#8221; hover_enabled=&#8221;0&#8243; sticky_enabled=&#8221;0&#8243;]<\/p>\n<h1 _msttexthash=\"489307\" _msthash=\"758\" style=\"text-align: center;\"><strong>POLITIQUE DE CONFIDENTIALITE<\/strong><\/h1>\n<p><strong><\/strong><\/p>\n<h2><\/h2>\n<h2 _msttexthash=\"149006\" _msthash=\"570\"><strong>Pr\u00e9ambule<\/strong><\/h2>\n<p _msttexthash=\"22067110\" _msthash=\"756\">Conscient de l\u2019importance d\u2019assurer la confidentialit\u00e9 des donn\u00e9es, Jad Voyage prend des engagements forts vis-\u00e0-vis de la protection des donn\u00e9es \u00e0 caract\u00e8re personnel.<\/p>\n<p _msttexthash=\"24679629\" _msthash=\"755\">Aussi, la pr\u00e9sente Politique de Protection des Donn\u00e9es a pour objectif de vous informer sur les engagements et mesures pratiques pris par Jad Voyage afin de veiller au respect de vos donn\u00e9es \u00e0 caract\u00e8re personnel.<\/p>\n<p _msttexthash=\"35287980\" _msthash=\"754\">La pr\u00e9sente Politique de Confidentialit\u00e9 pourra \u00e9voluer en fonction du contexte l\u00e9gal et r\u00e9glementaire ainsi que des avis rendus tant\u00f4t par la Commission Nationale Informatique et Libert\u00e9s tant\u00f4t par le Comit\u00e9 Europ\u00e9en sur la Protection des Donn\u00e9es.<\/p>\n<p _msttexthash=\"25579294\" _msthash=\"753\">Cette politique de confidentialit\u00e9 pr\u00e9sente le traitement que nous faisons de vos donn\u00e9es personnelles et la mani\u00e8re avec laquelle nous cr\u00e9ons, organisons et mettons en \u0153uvre nos activit\u00e9s en ligne et hors ligne.<\/p>\n<p>&nbsp;<\/p>\n<h2><strong _msttexthash=\"2387775\" _msthash=\"752\">La Gestion des cookies est disponible dans une page s\u00e9par\u00e9e.<\/strong><\/h2>\n<p>&nbsp;<\/p>\n<p _msttexthash=\"256086532\" _msthash=\"751\">Nous attachons la plus grande importance au respect de la vie priv\u00e9e et des donn\u00e9es individuelles de nos utilisateurs. Nous nous engageons \u00e0 respecter et mettre \u00e0 disposition les outils et d\u00e9marches simplifi\u00e9es vous permettant de faire valoir vos droits conform\u00e9ment \u00e0 la Loi \u00ab Informatique et Libert\u00e9s \u00bb n\u00b078-17 du 06 janvier 1978 modifi\u00e9e et au r\u00e8glement no 2016\/679, dit r\u00e8glement g\u00e9n\u00e9ral sur la protection des donn\u00e9es (RGPD). Afin de maintenir une protection maximale quant aux donn\u00e9es \u00e0 caract\u00e8re personnel que nous traitons, notre site et les entit\u00e9s les administrant (h\u00e9bergeur, prestataires informatiques) se conformeront aux principes d\u00e9sign\u00e9s dans les textes nationaux et communautaires.<\/p>\n<p _msthidden=\"1\"><span _msttexthash=\"746473\" _msthidden=\"1\" _msthash=\"750\">\u200b<\/span><\/p>\n<h2><strong _msttexthash=\"1563588\" _msthash=\"749\">Donn\u00e9es collect\u00e9es et finalit\u00e9s de la collecte<\/strong><\/h2>\n<p _msttexthash=\"130295893\" _msthash=\"748\">Les pratiques sp\u00e9cifiques d\u00e9crites dans cette d\u00e9claration de politique de la vie priv\u00e9e ne concernent que le Site Internet susmentionn\u00e9. Si des liens externes d\u2019autres organes\/entit\u00e9s partenaires li\u00e9(e)s \u00e0 Jad Voyage sont pr\u00e9sents sur notre Site, nous vous recommandons d\u2019examiner leurs propres d\u00e9clarations de politique de la vie priv\u00e9e et ne pouvons \u00eatre tenus responsables de leur politique et contenus.<\/p>\n<p _msthidden=\"1\"><span _msttexthash=\"746473\" _msthidden=\"1\" _msthash=\"747\">\u200b<\/span><\/p>\n<p _msttexthash=\"26066053\" _msthash=\"746\">En g\u00e9n\u00e9ral, il vous est possible de consulter notre Site internet sans divulguer d\u2019informations personnelles.<span>\u00a0<\/span><span>\u200b<\/span><\/p>\n<p _msttexthash=\"40941641\" _msthash=\"745\">Les seules donn\u00e9es \u00e0 caract\u00e8res personnelles que nous collectons et conservons sont celles que vous fournissez lorsque vous remplissez le formulaire de contact, de simulation d\u2019\u00e9ligibilit\u00e9 ou de parrainage.<\/p>\n<p>&nbsp;<\/p>\n<p _msttexthash=\"4208594\" _msthash=\"744\">Dans le cadre du formulaire de contact, nous sommes susceptibles de collecter votre\u00a0:<\/p>\n<p>&nbsp;<\/p>\n<ul>\n<li _msttexthash=\"31395\" _msthash=\"741\">Nom<\/li>\n<li _msttexthash=\"165516\" _msthash=\"742\">T\u00e9l\u00e9phone<\/li>\n<li _msttexthash=\"178698\" _msthash=\"743\">Adresse mail<\/li>\n<\/ul>\n<p>&nbsp;<\/p>\n<p _msttexthash=\"8489442\" _msthash=\"740\">Dans le cadre de la simulation d\u2019\u00e9ligibilit\u00e9, nous sommes susceptibles de collecter votre\u00a0:<\/p>\n<p>&nbsp;<\/p>\n<ul>\n<li _msttexthash=\"31395\" _msthash=\"736\">Nom<\/li>\n<li _msttexthash=\"93574\" _msthash=\"737\">Pr\u00e9nom<\/li>\n<li _msttexthash=\"427349\" _msthash=\"738\">Num\u00e9ro de t\u00e9l\u00e9phone<\/li>\n<li _msttexthash=\"43420\" _msthash=\"739\">Mail<\/li>\n<\/ul>\n<p>&nbsp;<\/p>\n<p _msttexthash=\"51175982\" _msthash=\"735\">Vos donn\u00e9es ne sont utilis\u00e9es que par Jad Voyage en vue de traiter votre demande. Avec votre consentement, elles sont \u00e9galement susceptibles d\u2019\u00eatre transmises \u00e0 nos partenaires et sous-traitants (liste des partenaires commerciaux r\u00e9guli\u00e8rement mise \u00e0 jour) : ****<\/p>\n<p>&nbsp;<\/p>\n<p _msttexthash=\"50119524\" _msthash=\"734\">La finalit\u00e9 des donn\u00e9es collect\u00e9es par Hygi\u00e8ne nuisibles est effectu\u00e9e dans l\u2019unique objectif de pouvoir constituer un dossier dans les r\u00e8gles de l\u2019art dans le but de pouvoir accomplir la mission pour laquelle elle a \u00e9t\u00e9 saisie.<\/p>\n<p _msttexthash=\"746473\" _msthash=\"733\">\u200b<\/p>\n<p _msttexthash=\"240572592\" _msthash=\"732\">Conform\u00e9ment \u00e0 l\u2019article 5 du R\u00e8glement (UE) 2016\/679 du Parlement europ\u00e9en et du Conseil du 27 avril 2016 relatif \u00e0 la protection des personnes physiques \u00e0 l\u2019\u00e9gard du traitement des donn\u00e9es \u00e0 caract\u00e8re personnel et \u00e0 la libre circulation de ces donn\u00e9es, nous traitons les donn\u00e9es \u00e0 caract\u00e8re personnel de mani\u00e8re licite, loyale et transparente au regard de la personne concern\u00e9e ; et nous collectons ces donn\u00e9es des finalit\u00e9s d\u00e9termin\u00e9es, explicites et l\u00e9gitimes \u00e0 savoir la constitution du dossier pour les diff\u00e9rentes solutions d\u2019intervention de la soci\u00e9t\u00e9 Jad Voyage.<\/p>\n<p _msttexthash=\"746473\" _msthash=\"731\">\u200b<\/p>\n<p _msttexthash=\"14962207\" _msthash=\"730\">Nous collectons uniquement les donn\u00e9es ad\u00e9quates, pertinentes et limit\u00e9es \u00e0 ce qui est n\u00e9cessaire au regard des finalit\u00e9s des missions de la soci\u00e9t\u00e9 Jad Voyage.<\/p>\n<p><strong>\u00a0<\/strong><\/p>\n<h2><strong _msttexthash=\"4405297\" _msthash=\"729\">Informations sur l\u2019exigence de fourniture de donn\u00e9es<\/strong><\/h2>\n<p>&nbsp;<\/p>\n<p _msttexthash=\"27495208\" _msthash=\"728\">A des fins contractuelles et pour mener \u00e0 bien notre mission, la transmission de certaines de vos donn\u00e9es \u00e0 caract\u00e8re personnel conditionne la conclusion du contrat qui va lier les services de Jad Voyage avec ses futurs clients.<\/p>\n<p>&nbsp;<\/p>\n<h2><strong _msttexthash=\"580294\" _msthash=\"727\">Conservation des donn\u00e9es<\/strong><\/h2>\n<p _msthidden=\"1\"><span><strong _msttexthash=\"746473\" _msthidden=\"1\" _msthash=\"726\">\u200b<\/strong><\/span><\/p>\n<p _msttexthash=\"14707537\" _msthash=\"725\">Jad Voyage conserve les donn\u00e9es des utilisateurs non-clients \u00e0 des fins de prospection pour une dur\u00e9e de trois ans \u00e0 compter de leur collecte ou du dernier contact.<\/p>\n<p>&nbsp;<\/p>\n<p _msttexthash=\"589478201\" _msthash=\"724\">Les donn\u00e9es que vous pourriez nous transmettre, en tant que client, dans le cas du dispositif de financement des Certificats d\u2019\u00e9conomies d\u2019\u00e9nergie, feront l\u2019objet d\u2019un traitement unique par Jad Voayge et ses destinataires (votre partenaire installateur sp\u00e9cifiquement concern\u00e9 par vos travaux et le P\u00f4le National de Certificats d\u2019\u00c9conomies d\u2019\u00c9nergie) conform\u00e9ment aux d\u00e9crets encadrant ce dispositif. Les donn\u00e9es seront conserv\u00e9es dans la base active pendant la dur\u00e9e n\u00e9cessaire au montage des dossiers administratifs, puis seront bascul\u00e9es sous 6 mois dans une base interm\u00e9diaire avec un acc\u00e8s limit\u00e9 pour une dur\u00e9e de 6 ans \u00e0 compter du d\u00e9p\u00f4t, comme le P\u00f4le National des Certificats d\u2019\u00c9conomies d\u2019\u00c9nergie nous l\u2019impose.<\/p>\n<p>&nbsp;<\/p>\n<h2><strong _msttexthash=\"461201\" _msthash=\"723\">Transferts de donn\u00e9es<\/strong><\/h2>\n<p _msttexthash=\"69820439\" _msthash=\"722\">Au titre des services fournis, vos donn\u00e9es ne sont pas transf\u00e9r\u00e9es hors de l\u2019Union Europ\u00e9enne et de Pays ad\u00e9quats au sens du RGPD, sauf clauses contractuelles type sign\u00e9es avec nos sous-traitants situ\u00e9s hors de l\u2019Union Europ\u00e9enne, conform\u00e9ment aux articles 44 \u00e0 49 dudit r\u00e8glement.<\/p>\n<p>&nbsp;<\/p>\n<p _msttexthash=\"130806884\" _msthash=\"721\">Dans le cas du financement par le dispositif des Certificats d\u2019\u00e9conomies d\u2019\u00c9nergie et avec votre consentement, vos donn\u00e9es sont seulement transf\u00e9r\u00e9es \u00e0 nos partenaires et sous-traitants (installateurs, fabricants) avec lesquels nous portons les offres de financement li\u00e9s au dispositif des Certificats d\u2019\u00c9conomies d\u2019\u00c9nergie.<\/p>\n<p>&nbsp;<\/p>\n<h2><strong _msttexthash=\"153270\" _msthash=\"720\">S\u00e9curit\u00e9<\/strong><\/h2>\n<p><strong>\u00a0<\/strong><\/p>\n<p _msttexthash=\"32835023\" _msthash=\"719\">Jad Voyage assure la s\u00e9curit\u00e9 de vos donn\u00e9es \u00e0 caract\u00e8re personnel en mettant en place une protection des donn\u00e9es renforc\u00e9e par l\u2019utilisation de moyens de s\u00e9curisation physiques et logiques.<\/p>\n<h2><strong _msttexthash=\"140725\" _msthash=\"718\">Vos droits<\/strong><\/h2>\n<p _msttexthash=\"234763659\" _msthash=\"717\"><span _mstmutation=\"1\" _msttexthash=\"222386593\" _msthash=\"370\">En application de la r\u00e9glementation Informatique et libert\u00e9s, vous disposez d\u2019un droit d\u2019acc\u00e8s, de rectification, d\u2019effacement, de limitation du traitement, de portabilit\u00e9, de retrait de votre consentement et de d\u00e9finir le sort de vos donn\u00e9es apr\u00e8s votre d\u00e9c\u00e8s relativement \u00e0 l\u2019ensemble des donn\u00e9es vous concernant qui s\u2019exercent aupr\u00e8s du r\u00e9f\u00e9rent \u00e0 la protection des donn\u00e9es par courrier \u00e9lectronique \u00e0 l\u2019adresse suivante <\/span><a href=\"mailto:resa.jadvoyages@gmail.com\"><span><span _mstmutation=\"1\" _msttexthash=\"612599\" _msthash=\"315\">\u00a0resa.jadvoyages@gmail.com<\/span><\/span><\/a><\/p>\n<p _msttexthash=\"44550467\" _msthash=\"716\"><span _mstmutation=\"1\" _msttexthash=\"4323163\" _msthash=\"376\">ou par courrier postal \u00e0 l\u2019adresse suivante,\u00a0 <\/span><span _mstmutation=\"1\" _msttexthash=\"571792\" _msthash=\"378\">89 Avenue Secretan Paris 75019 <\/span><span _mstmutation=\"1\" _msttexthash=\"13475878\" _msthash=\"377\"> France, accompagn\u00e9 d\u2019une copie d\u2019un titre d\u2019identit\u00e9 sign\u00e9.<\/span><\/p>\n<p>&nbsp;<\/p>\n<p _msttexthash=\"16982329\" _msthash=\"715\">Vous pouvez \u00e9galement introduire une r\u00e9clamation aupr\u00e8s d\u2019une autorit\u00e9 de contr\u00f4le, la Commission Nationale Informatique et Libert\u00e9s.<\/p>\n<p>&nbsp;<\/p>\n<h2><strong _msttexthash=\"1731717\" _msthash=\"714\">Droit d\u2019opposition<\/strong><\/h2>\n<p>&nbsp;<\/p>\n<p _msttexthash=\"53293708\" _msthash=\"713\">Conform\u00e9ment aux dispositions de l\u2019article 21 du R\u00e8glement G\u00e9n\u00e9ral sur la Protection des Donn\u00e9es (RGPD), R\u00e8glement UE n\u00b02016\/679 du 27 avril 2016, vous disposez d\u2019un droit d\u2019opposition.<\/p>\n<p>&nbsp;<\/p>\n<p _msttexthash=\"39395941\" _msthash=\"712\"><span _mstmutation=\"1\" _msttexthash=\"38576330\" _msthash=\"385\"><span _mstmutation=\"1\" _msttexthash=\"33037563\" _msthash=\"401\">Vous pouvez \u00e0 tout moment vous opposer au traitement de vos donn\u00e9es aux fins de prospections commerciales en nous contactant par le biais de notre site internet \u00e0 l\u2019adresse suivante<\/span> <a href=\"mailto:resa.jadvoyages@gmail.com\"><span _msttexthash=\"612599\" _msthash=\"402\">resa.jadvoyages@gmail.com<\/span><\/a><\/span><\/p>\n<p>&nbsp;<\/p>\n<p _msttexthash=\"16129451\" _msthash=\"711\">Si votre demande d\u2019opposition ne concerne pas la prospection commerciale, votre demande devra pr\u00e9ciser les motifs tenant \u00e0 votre situation particuli\u00e8re.<\/p>\n<p>&nbsp;<\/p>\n<p _msttexthash=\"2712996\" _msthash=\"710\">Jad Voyage pourra justifier son refus pour les raisons suivantes :<\/p>\n<p _msttexthash=\"746473\" _msthash=\"709\">\u200b<\/p>\n<ul>\n<li _msttexthash=\"14472458\" _msthash=\"704\">Il existe des motifs l\u00e9gitimes et imp\u00e9rieux \u00e0 traiter les donn\u00e9es ou que celles-ci sont n\u00e9cessaires \u00e0 la constatation, exercice ou d\u00e9fense de droits en justice ;<\/li>\n<li _msttexthash=\"6410872\" _msthash=\"705\">Vous avez consenti\u2013 vous devez alors retirer ce consentement et non vous opposer ;<\/li>\n<li _msttexthash=\"849446\" _msthash=\"706\">Un contrat vous lie avec Jad Voyage ;<\/li>\n<li _msttexthash=\"2470156\" _msthash=\"707\">Une obligation l\u00e9gale qui nous impose de traiter vos donn\u00e9es ;<\/li>\n<li _msttexthash=\"18102591\" _msthash=\"708\">Le traitement est n\u00e9cessaire \u00e0 la sauvegarde des int\u00e9r\u00eats vitaux de la personne concern\u00e9e ou d\u2019une autre personne physique.<\/li>\n<\/ul>\n<p>&nbsp;<\/p>\n<h2><strong _msttexthash=\"94510\" _msthash=\"703\">Contact<\/strong><\/h2>\n<p>&nbsp;<\/p>\n<p _msttexthash=\"25896273\" _msthash=\"702\">Pour toutes demandes d\u2019information concernant la politique de protection des donn\u00e9es \u00e0 caract\u00e8re personnel mise en \u0153uvre par Hygi\u00e8ne nuisibles, vous pouvez vous adressez \u00e0\u00a0:<span> <a href=\"mailto:resa.jadvoyages@gmail.com\" _msttexthash=\"612599\" _msthash=\"415\">resa.jadvoyages@gmail.com<\/a><\/span><\/p>\n<p>[\/et_pb_text][\/et_pb_column][\/et_pb_row][\/et_pb_section]<\/p>\n","protected":false},"excerpt":{"rendered":"<p>POLITIQUE DE CONFIDENTIALITE Pr\u00e9ambule Conscient de l\u2019importance d\u2019assurer la confidentialit\u00e9 des donn\u00e9es, Jad Voyage prend des engagements forts vis-\u00e0-vis de la protection des donn\u00e9es \u00e0 caract\u00e8re personnel. Aussi, la pr\u00e9sente Politique de Protection des Donn\u00e9es a pour objectif de vous informer sur les engagements et mesures pratiques pris par Jad Voyage afin de veiller au [&hellip;]<\/p>\n","protected":false},"author":1,"featured_media":0,"parent":0,"menu_order":0,"comment_status":"closed","ping_status":"closed","template":"","meta":{"_et_pb_use_builder":"on","_et_pb_old_content":"","_et_gb_content_width":"","footnotes":""},"class_list":["post-5097","page","type-page","status-publish","hentry"],"_links":{"self":[{"href":"https:\/\/jadvoyages.fr\/index.php\/wp-json\/wp\/v2\/pages\/5097","targetHints":{"allow":["GET"]}}],"collection":[{"href":"https:\/\/jadvoyages.fr\/index.php\/wp-json\/wp\/v2\/pages"}],"about":[{"href":"https:\/\/jadvoyages.fr\/index.php\/wp-json\/wp\/v2\/types\/page"}],"author":[{"embeddable":true,"href":"https:\/\/jadvoyages.fr\/index.php\/wp-json\/wp\/v2\/users\/1"}],"replies":[{"embeddable":true,"href":"https:\/\/jadvoyages.fr\/index.php\/wp-json\/wp\/v2\/comments?post=5097"}],"version-history":[{"count":4,"href":"https:\/\/jadvoyages.fr\/index.php\/wp-json\/wp\/v2\/pages\/5097\/revisions"}],"predecessor-version":[{"id":5102,"href":"https:\/\/jadvoyages.fr\/index.php\/wp-json\/wp\/v2\/pages\/5097\/revisions\/5102"}],"wp:attachment":[{"href":"https:\/\/jadvoyages.fr\/index.php\/wp-json\/wp\/v2\/media?parent=5097"}],"curies":[{"name":"wp","href":"https:\/\/api.w.org\/{rel}","templated":true}]}}